True
Is 380 a multiple of 13?
False
Is 75 a factor of 20042?
False
Is 17 a factor of 4488?
True
Does 6 divide 532?
False
Does 58 divide 1856?
True
Is 58 a factor of 25251?
False
Does 9 divide 306?
True
Does 13 divide 546?
True
Does 20 divide 1992?
False
Does 15 divide 13530?
True
Does 12 divide 5052?
True
Does 15 divide 6247?
False
Is 727 a multiple of 2?
False
Is 22 a factor of 678?
False
Does 7 divide 6362?
False
Does 27 divide 11853?
True
Does 47 divide 80?
False
Is 20276 a multiple of 56?
False
Is 1680 a multiple of 35?
True
Does 55 divide 69854?
False
Does 3 divide 26673?
True
Is 68 a factor of 1194?
False
Is 1161 a multiple of 7?
False
Is 38305 a multiple of 141?
False
Is 40 a factor of 7960?
True
Is 47 a factor of 1156?
False
Is 15360 a multiple of 60?
True
Is 31887 a multiple of 230?
False
Does 98 divide 3236?
False
Is 12 a factor of 336?
True
Is 90996 a multiple of 12?
True
Is 1840 a multiple of 20?
True
Is 22 a factor of 1070?
False
Is 32 a factor of 9910?
False
Does 94 divide 10893?
False
Is 105 a factor of 27226?
False
Is 705 a multiple of 25?
False
Does 5 divide 720?
True
Does 58 divide 14738?
False
Is 245 a factor of 5897?
False
Is 11 a factor of 44?
True
Is 40 a factor of 920?
True
Is 840 a multiple of 12?
True
Does 17 divide 340?
True
Is 17110 a multiple of 134?
False
Does 3 divide 594?
True
Is 48 a factor of 12688?
False
Does 8 divide 5567?
False
Does 8 divide 4120?
True
Is 52 a factor of 507?
False
Is 10032 a multiple of 23?
False
Is 44 a factor of 1056?
True
Is 938 a multiple of 67?
True
Is 19 a factor of 323?
True
Is 22 a factor of 19228?
True
Is 8 a factor of 977?
False
Is 13 a factor of 8297?
False
Is 666 a multiple of 74?
True
Is 2382 a multiple of 12?
False
Is 9 a factor of 1445?
False
Is 16 a factor of 330?
False
Does 16 divide 10528?
True
Does 12 divide 14229?
False
Is 188 a multiple of 37?
False
Is 695 a multiple of 125?
False
Is 127 a factor of 81661?
True
Does 18 divide 938?
False
Is 6 a factor of 324?
True
Is 48 a multiple of 12?
True
Is 44 a factor of 34720?
False
Is 3265 a multiple of 103?
False
Is 4151 a multiple of 79?
False
Is 195706 a multiple of 98?
True
Does 16 divide 2160?
True
Is 22680 a multiple of 135?
True
Is 39 a factor of 38571?
True
Does 11 divide 1253?
False
Is 4508 a multiple of 92?
True
Is 53 a factor of 14734?
True
Is 15 a factor of 780?
True
Does 26 divide 3956?
False
Is 59921 a multiple of 116?
False
Is 2948 a multiple of 32?
False
Is 5641 a multiple of 110?
False
Does 219 divide 92637?
True
Does 30 divide 1184?
False
Is 2359 a multiple of 10?
False
Is 16512 a multiple of 86?
True
Is 96 a factor of 72576?
True
Does 28 divide 1613?
False
Is 11415 a multiple of 160?
False
Does 13 divide 127?
False
Is 1104 a multiple of 23?
True
Does 12 divide 38124?
True
Does 5 divide 2171?
False
Is 24 a factor of 478?
False
Does 10 divide 610?
True
Is 3717 a multiple of 59?
True
Does 206 divide 8446?
True
Is 63812 a multiple of 14?
True
Is 16 a factor of 73?
False
Is 21 a factor of 55062?
True
Is 13 a factor of 20696?
True
Is 1245 a multiple of 15?
True
Is 91 even?
False
Is 1241 a multiple of 31?
False
Is 11 a factor of 4202?
True
Does 14 divide 6032?
False
Is 69 a factor of 899?
False
Does 80 divide 4400?
True
Is 23584 a multiple of 134?
True
Is 25 a factor of 1503?
False
Is 25 a factor of 625?
True
Is 152 a factor of 8360?
True
Is 448 even?
True
Is 66 a factor of 6138?
True
Is 1145 a multiple of 16?
False
Is 45 a factor of 694?
False
Does 34 divide 16490?
True
Is 3010 a multiple of 28?
False
Is 15 a factor of 135?
True
Is 264 a multiple of 22?
True
Is 38 a factor of 874?
True
Is 144 a multiple of 8?
True
Does 163 divide 81829?
False
Does 91 divide 8435?
False
Is 1313 even?
False
Does 46 divide 12236?
True
Is 720 a multiple of 29?
False
Is 2226 a multiple of 64?
False
Is 3600 a multiple of 25?
True
Is 3 a factor of 24111?
True
Does 25 divide 34425?
True
Is 27 a factor of 106?
False
Is 30075 a multiple of 15?
True
Is 136 a factor of 12784?
True
Does 15 divide 584?
False
Is 490 a multiple of 18?
False
Is 16 a factor of 60272?
True
Does 18 divide 37286?
False
Is 12 a factor of 4776?
True
Does 86 divide 11937?
False
Does 146 divide 97194?
False
Is 4 a factor of 110?
False
Does 17 divide 1684?
False
Is 364 a multiple of 28?
True
Is 1200 a multiple of 40?
True
Does 5 divide 698?
False
Is 2184 a multiple of 26?
True
Does 20 divide 10248?
False
Is 33419 a multiple of 130?
False
Does 20 divide 540?
True
Is 117837 a multiple of 37?
False
Does 67 divide 29012?
False
Is 7279 a multiple of 251?
True
Does 29 divide 754?
True
Is 8232 a multiple of 28?
True
Is 4860 a multiple of 12?
True
Is 1566 a multiple of 30?
False
Does 127 divide 6582?
False
Does 13 divide 578?
False
Does 30 divide 6191?
False
Is 211940 a multiple of 14?
False
Is 6 a factor of 1254?
True
Is 420 a multiple of 10?
True
Is 538 a multiple of 24?
False
Is 25 a factor of 12005?
False
Does 26 divide 5720?
True
Does 3 divide 2171?
False
Does 2 divide 133?
False
Is 63772 a multiple of 214?
True
Is 21 a factor of 84?
True
Does 6 divide 342?
True
Is 72 a factor of 3024?
True
Is 25 a factor of 1200?
True
Does 7 divide 1705?
False
Is 157 a factor of 2892?
False
Is 347 a multiple of 4?
False
Is 14 a factor of 952?
True
Is 6 a factor of 18036?
True
Is 141 a factor of 179852?
False
Is 5 a factor of 287?
False
Does 64 divide 10176?
True
Is 1201 a multiple of 108?
False
Does 51 divide 47940?
True
Is 29 a factor of 823?
False
Is 2174 a multiple of 75?
False
Is 2405 a multiple of 37?
True
Does 94 divide 3760?
True
Is 16 a factor of 1200?
True
Is 130010 a multiple of 114?
False
Does 27 divide 5364?
False
Is 511 a multiple of 4?
False
Is 40757 a multiple of 220?
False
Is 9 a factor of 25026?
False
Is 33 a factor of 1188?
True
Is 31627 a multiple of 131?
False
Is 464 a multiple of 16?
True
Is 5309 a multiple of 11?
False
Does 56 divide 3416?
True
Is 862 a multiple of 11?
False
Does 76 divide 608?
True
Is 46 a factor of 368?
True
Is 2660 a multiple of 38?
True
Does 31 divide 1194?
False
Does 28 divide 149660?
True
Is 1260 a multiple of 12?
True
Is 6096 a multiple of 18?
False
Is 768 a multiple of 12?
True
Is 34804 a multiple of 26?
False
Does 20 divide 9421?
False
Is 15 a factor of 2250?
True
Does 8 divide 200?
True
Is 4323 a multiple of 125?
False
Is 59 a factor of 1357?
True
Is 672 a multiple of 21?
True
Is 10890 a multiple of 22?
True
Is 143 a factor of 715?
True
Is 29 a factor of 6989?
True
Does 12 divide 292?
False
Is 23 a factor of 4991?
True
Is 912 a multiple of 38?
True
Is 4 a factor of 4541?
False
Is 5768 a multiple of 14?
True
Is 8 a factor of 462?
False
Does 4 divide 14222?
False
Is 4444 a multiple of 27?
False
Is 166 a multiple of 15?
False
Is 5 a factor of 588?
False
Is 940 a multiple of 22?
False
Is 13 a factor of 397?
False
Is 81 a factor of 2666?
False
Is 16 a factor of 8624?
True
Is 14477 a multiple of 12?
False
Is 23 a factor of 506?
True
Is 144 a factor of 29861?
False
Does 9 divide 11806?
False
Is 596 a multiple of 9?
False
Does 44 divide 4664?
True
Does 4 divide 981?
False
Is 2710 a multiple of 35?
False
Is 41327 a multiple of 5?
False
Is 420 a multiple of 12?
True
Is 5 a multiple of 3?
False
Is 1148 a multiple of 7?
True
Does 14 divide 168?
True
Does 41 divide 2776?
False
Is 2737 a multiple of 26?
False
Is 60 a factor of 12300?
True
Is 87 a factor of 12085?
False
Is 21 a factor of 42729?
False
Is 19 a factor of 2528?
False
Is 103 a factor of 10356?
False
Is 555 a multiple of 2?
False
Is 1976 a multiple of 154?
False
Is 108 a factor of 34452?
True
Does 56 divide 1040?
False
Does 50 divide 1242?
False
Is 8 a factor of 524?
False
Does 12 divide 46538?
False
Is 760 a multiple of 8?
True
Is 1860 a multiple of 62?
True
Is 21012 a multiple of 45?
False
Is 91 a factor of 2821?
True
Is 3 a factor of 3165?
True
Is 9170 a multiple of 19?
False
Is 13 a factor of 117?
True
Is 174 a factor of 19836?
True
Does 21 divide 35872?
False
Is 2 a factor of 5161?
False
Does 41 divide 2604?
False
Does 59 divide 1534?
True
Is 35 a factor of 1855?
True
Does 2 divide 4661?
False
Is 5 a factor of 95?
True
Does 7 divide 2340?
False
Is 2 a factor of 97?
False
Is 49 a factor of 998?
False
Is 105 a factor of 6047?
False
Is 88 a factor of 1505?
False
Is 5915 a multiple of 5?
True
Is